r of v and 100.
25
Let n = 24 - -42. Suppose 4*j - n = 54. Let m be 5*(8 + -2)/2. Calculate the highest common factor of j and m.
15
Let r = -56 - -72. Calculate the greatest common factor of r and 48.
16
Let s(a) = -a**2 - 3*a - 2. Let o be s(-2). Suppose -3*n + o*f - f + 21 = 0, 0 = 4*f - 12. Let h = 20 - -4. What is the greatest common divisor of n and h?
6
Let w be 1/(-2) + -1 + 737/22. Calculate the greatest common factor of 160 and w.
32
Let q(z) = 0*z - 6*z + 3*z. Let v be q(-1). Let t = -28 + 49. Calculate the highest common divisor of t and v.
3
Let c(t) = -7*t**2 + 2*t + 1. Let d be c(-1). Let s be d + -1 + (-6)/(-2). Let f = 64 - s. What is the highest common divisor of 10 and f?
10
Suppose 3*a - 2*k - 97 = -13, -k = -5*a + 140. What is the highest common divisor of 20 and a?
4
Let x = 3 + -2. Let p be 8 + 0*x/2. Let r(j) = 8*j. Let z be r(1). What is the greatest common factor of p and z?
8
Suppose -5*t + 35 = 5*g, -2*t + g + 13 + 4 = 0. Let s = -5 - -6. Let i be (t + -2 + -2)*s. What is the highest common factor of 36 and i?
4
Let g = 9 + -5. What is the highest common factor of g and 20?
4
Suppose -84 = -3*h - 6. Suppose -2*s - 2*s = -144. Let k = s - h. What is the highest common factor of 70 and k?
10
Suppose -5*v = -40 - 10. What is the highest common factor of 50 and v?
10
Let j = 2 + 4. Let s(w) = w**3 + 9*w**2 + 6*w - 8. Let z be s(-8). Suppose -j - z = -l. What is the highest common factor of 154 and l?
14
Let k(p) = 14*p**2 + p - 3. Let d = 2 + -5. Let r be k(d). What is the highest common factor of r and 24?
24
Let r(i) = 2*i**2 + 7*i + 3. Let f be r(6). Let k = -123 - -136. Calculate the greatest common factor of k and f.
13
Suppose 7*v = 4*v - 9. Let s(j) = j**2 + j - 2. Let k be s(v). Suppose 5 = m - k. Calculate the highest common divisor of 1 and m.
1
Let i(j) = -25*j + 3. Let b be i(-1). Calculate the highest common factor of b and 42.
14
Let n = -12 + 18. Calculate the highest common factor of n and 30.
6
Let d be (-2 - -4)/2 - 9. Let w be (-4)/d*74 + 2. Calculate the greatest common factor of w and 26.
13
Let g be (-1 - 17) + 2 + 2. Let u be 2 + 0 + g/(-2). Let k = -73 + 79. Calculate the highest common factor of k and u.
3
Let l = -5 - -1. Let n be ((-1)/(-2))/(l/(-192)). Let i = 16 + n. Calculate the greatest common factor of 20 and i.
20
Suppose 2*s - 189 = -s. Calculate the highest common divisor of 7 and s.
7
Suppose 2*y - 3*y = -17. Let i(u) = u**2 + 6*u - 4. Let s be i(5). Calculate the greatest common factor of s and y.
17
Let j be (-20)/(-8) + 1/(-2). Suppose v - p - 157 = -0*p, 764 = 5*v + j*p. Let d = 3 + 11. Calculate the greatest common divisor of d and v.
14
Suppose 11*y = 9*y + 6. Suppose 6*c - c - 5*i = 470, 4*i - 261 = -y*c. What is the highest common divisor of c and 13?
13
Let d(b) = -b**3 - b**2 + 20. Suppose s = -2*s. Let o be d(s). Calculate the highest common divisor of o and 5.
5
Let d(f) = -f**3 - 6*f**2 - 2*f - 8. Let j be d(-6). Suppose 5*k - 102 = -2*h, 2*k = 3*h - j*h + 40. What is the highest common factor of 22 and k?
22
Let d be 4/(-14) - 1500/(-105). What is the greatest common factor of 7 and d?
7
Let y(j) = j**3 - 5*j**2 - 7*j + 6. Let a be y(6). Suppose 2*f - 38 = -a*f. Suppose -363 = 4*t - 1047. Calculate the greatest common factor of f and t.
19
Suppose i - 18 = -4*m, i - 2 = 2*i. Let y(u) = 4*u**3 - 5*u**2 + 5 - u - 3*u**3 + 2. Let b be y(m). What is the greatest common divisor of b and 18?
2
Suppose -2*w + 5*x - 3 = 0, 4*w - 2*x = -13 - 1. Let v be -4 - w - 40/(-1). What is the highest common divisor of v and 8?
8
Let u = 3 + 7. Let y be (30/4)/(5/u). What is the greatest common divisor of y and 15?
15
Let n(v) = v**3 + 8*v**2 - 11*v - 7. Let j be n(-9). What is the greatest common divisor of j and 11?
11
Suppose 0 = k - 2, -5*m - 3*k + 0*k + 81 = 0. Calculate the greatest common divisor of m and 3.
3
Let x be (-70)/4*(7 + -9). Let i(h) = h**3 + 8*h**2 + 4*h - 7. Let n be i(-7). What is the greatest common divisor of x and n?
7
Let j = 0 + 2. Suppose -2*u = j*l - 32, -6*u + 5*l - 14 = -5*u. Calculate the highest common divisor of 55 and u.
11
Suppose 3*n - 47 = 73. Calculate the greatest common factor of n and 160.
40
Let w(p) = p**2 - 2*p - 23. Let k be w(6). Calculate the greatest common factor of k and 5.
1
Let a be (-1 + 4)/(15/(-10)). Let v be 16/24*(-3)/a. Calculate the greatest common divisor of 5 and v.
1
Suppose -4*w + 2*w = -30. What is the greatest common factor of w and 10?
5
Let a = -83 - -143. Suppose -3*i + 47 = 11. Calculate the greatest common factor of i and a.
12
Let b be 14/(-7)*(-1)/2. Let q(c) = 24*c**3 - c**2 + c. Let i be q(b). Calculate the greatest common divisor of 3 and i.
3
Suppose m - 1413 = 5*g, 4*g - 9*g - 1419 = -3*m. Let u be g/(-8) - 1/4. Calculate the greatest common divisor of 7 and u.
7
Let t(k) = 3*k**2 + k - 2. Let j be t(-2). Suppose -2*n + 5 = 1. What is the highest common divisor of n and j?
2
Let m(p) = p - 7. Let h be m(8). Suppose u - 1 = h. Let g = -18 - -32. Calculate the greatest common factor of u and g.
2
Let j = 0 + -3. Let h be (-2)/6 + 77/j. Let d be 2/(-6) + h/(-6). What is the highest common divisor of 10 and d?
2
Let o be ((-18)/(-18))/(2/150). Calculate the greatest common factor of o and 15.
15
Let g = 13 - 8. Suppose 2*j = -2 + 4. Suppose 2*t - j = s, 5*t - 5 - 20 = -5*s. What is the highest common divisor of t and g?
1
Suppose 8 = 4*q - 2*q. Let c(b) = -b**2 + 3*b. Let k be c(q). Let i = k - -12. What is the greatest common factor of 16 and i?
8
Suppose 0 = -3*o + 227 + 97. What is the highest common divisor of o and 12?
12
Suppose -9*u + 4*u = 5*a - 45, 4*a + 9 = 5*u. Suppose -u*f + f + 340 = 0. What is the highest common divisor of f and 17?
17
Let r be 2/(-8) + -3 + 196/16. What is the highest common divisor of r and 12?
3
Suppose 0 = 4*w - 2*r + 93 + 59, r = 0. Let b = w + 20. Let g be (-160)/6*b/15. What is the highest common divisor of g and 8?
8
Let o = 2 - 3. Let h = 71 - o. Suppose -t - 2*t - z + 23 = 0, -2*t = 2*z - 14. Calculate the greatest common divisor of h and t.
8
Let a be 14/(-2) - (1 - 1). Let v(i) = -9*i + 2. Let y be v(a). What is the greatest common divisor of 13 and y?
13
Let z = 75 - 33. Calculate the greatest common factor of z and 21.
21
Let x be (-40)/(4/(-2)) + -2. Suppose -r + x = -24. What is the greatest common factor of r and 28?
14
Suppose 3*p + 2*a = 61, -p + 4*a = 3*a - 12. Calculate the greatest common divisor of 136 and p.
17
Let t(a) = 11*a. Let c be t(4). What is the highest common factor of 66 and c?
22
Let m = -95 + -17. Let c be m/6*6/(-4). Suppose 0*w - 5*w - t = -214, 0 = 3*w - 3*t - 114. Calculate the greatest common factor of c and w.
14
Suppose -193 = -2*x + 47. Let l = -72 + x. Calculate the greatest common divisor of l and 16.
16
Let m be 1 + -2 - -2 - -5. Suppose 0 = g - m - 2. Calculate the greatest common factor of 20 and g.
4
Let w = -9 + 22. Let a be 475/35 + (-8)/14. Calculate the highest common divisor of a and w.
13
Let c = 9 + 4. Calculate the greatest common divisor of 117 and c.
13
Suppose 2 + 2 = 4*a. Suppose -b = -4*r - a + 22, 0 = -3*r + 2*b + 17. Calculate the greatest common divisor of r and 35.
5
Let o be 1*2 + (-954)/(-9). What is the highest common factor of o and 27?
27
Let q = -708 + 1203. What is the greatest common divisor of 45 and q?
45
Let l = -8 + 12. What is the highest common divisor of l and 32?
4
Suppose 0 = -2*u - 81 + 195. Let l = u - 37. What is the highest common factor of 4 and l?
4
Let d = 12 + 3. Suppose -2*z = -5*k + 9, 7*z - 2*z - d = 0. Suppose 2*b - 71 = b + g, -2*b = -k*g - 141. What is the greatest common divisor of 9 and b?
9
Suppose 0 = 3*y + 5*d - 65, -2*d = -3*y + 36 + 22. Calculate the highest common factor of 15 and y.
5
Suppose 6*g + 13 = 7*g. Calculate the greatest common divisor of 65 and g.
13
Suppose -287 = -5*y - q + 3*q, -283 = -5*y - 2*q. Suppose -4*d + y + 67 = 4*v, 4*d - 127 = -v. Calculate the highest common divisor of 16 and d.
16
Let d be 1 - (-1 - -2) - -2. Suppose 5 = d*s - 1. What is the greatest common factor of 6 and s?
3
Let h = 21 + 42. What is the highest common factor of 7 and h?
7
Let o be -3*3/9 - (-58 + 1). What is the greatest common factor of 140 and o?
28
Suppose -4*v + z + z = -4, -2